7 divide 902?
False
Is 40 a factor of 2680?
True
Is 7149 a multiple of 9?
False
Is 16293 a multiple of 216?
False
Is 73 a factor of 18167?
False
Is 11286 a multiple of 19?
True
Is 12043 a multiple of 7?
False
Is 166 a factor of 9130?
True
Is 101439 a multiple of 153?
True
Is 5 a factor of 80?
True
Is 10 a factor of 512?
False
Does 23 divide 1861?
False
Is 3 a factor of 233?
False
Does 3 divide 3396?
True
Is 11 a factor of 325?
False
Is 55974 a multiple of 57?
True
Is 2 a factor of 157?
False
Is 153 a factor of 10251?
True
Is 40344 a multiple of 41?
True
Does 2 divide 30?
True
Does 21 divide 630?
True
Does 38 divide 3117?
False
Does 7 divide 83643?
True
Is 2 a factor of 456?
True
Does 40 divide 360?
True
Is 980 a multiple of 11?
False
Does 83 divide 48306?
True
Is 165 a multiple of 5?
True
Is 532 a multiple of 28?
True
Is 1192 a multiple of 23?
False
Does 10 divide 1260?
True
Is 972 a multiple of 51?
False
Is 3185 a multiple of 13?
True
Does 19 divide 233?
False
Is 53 a factor of 9858?
True
Is 10 a factor of 110?
True
Is 23 a factor of 1175?
False
Is 20 a factor of 60?
True
Is 226 a factor of 678?
True
Is 13745 a multiple of 54?
False
Is 20 a factor of 5720?
True
Does 11 divide 151?
False
Is 34648 a multiple of 8?
True
Is 11 a factor of 519?
False
Is 23 a factor of 2271?
False
Does 33 divide 1004?
False
Is 5 a factor of 17044?
False
Does 55 divide 880?
True
Is 651 a multiple of 7?
True
Is 15 a factor of 1005?
True
Is 6 a factor of 628?
False
Is 62 a factor of 1041?
False
Is 73 a factor of 17958?
True
Is 21 a factor of 3406?
False
Is 16 a factor of 12784?
True
Is 40 a factor of 1088?
False
Is 16380 a multiple of 126?
True
Is 10 a factor of 2480?
True
Is 29 a factor of 1792?
False
Does 166 divide 4147?
False
Is 81 a factor of 3084?
False
Is 15 a factor of 1356?
False
Is 1017 a multiple of 9?
True
Is 9869 a multiple of 139?
True
Is 169 a factor of 46242?
False
Does 22 divide 493?
False
Does 12 divide 86076?
True
Is 4800 a multiple of 24?
True
Does 48 divide 1200?
True
Does 12 divide 648?
True
Is 11 a factor of 9437?
False
Does 143 divide 34463?
True
Does 412 divide 28060?
False
Does 11 divide 3355?
True
Does 20 divide 2580?
True
Does 50 divide 165?
False
Is 2530 a multiple of 44?
False
Does 6 divide 3558?
True
Does 125 divide 1637?
False
Is 10 a factor of 42501?
False
Is 1860 a multiple of 37?
False
Is 7653 a multiple of 135?
False
Is 6539 a multiple of 8?
False
Is 280 a multiple of 56?
True
Does 15 divide 38565?
True
Is 319 a multiple of 10?
False
Does 21 divide 525?
True
Is 1489 a multiple of 3?
False
Does 5 divide 16805?
True
Does 59 divide 288?
False
Is 89156 a multiple of 62?
True
Does 375 divide 176250?
True
Does 12 divide 8951?
False
Is 177 a factor of 1947?
True
Does 4 divide 138?
False
Is 589 a multiple of 14?
False
Is 25 a factor of 45806?
False
Does 26 divide 520?
True
Is 402 a multiple of 90?
False
Is 2730 a multiple of 15?
True
Is 16 a factor of 5011?
False
Is 836 a multiple of 11?
True
Is 4 a factor of 68?
True
Is 3567 a multiple of 87?
True
Does 80 divide 27040?
True
Is 5 a factor of 261?
False
Is 105 a factor of 1470?
True
Is 12180 a multiple of 21?
True
Is 13268 a multiple of 4?
True
Is 1166 a multiple of 26?
False
Is 39 a factor of 2241?
False
Is 15 a factor of 638?
False
Is 7 a factor of 619?
False
Is 17 a factor of 439?
False
Is 14 a factor of 4578?
True
Does 14 divide 126?
True
Does 87 divide 2001?
True
Is 4280 a multiple of 40?
True
Is 146 a factor of 43277?
False
Is 2601 a multiple of 272?
False
Is 460 a multiple of 23?
True
Does 23 divide 1486?
False
Does 6 divide 14226?
True
Is 32 a factor of 10464?
True
Does 59 divide 2432?
False
Does 149 divide 1161?
False
Is 8 a factor of 28505?
False
Is 25 a factor of 7925?
True
Does 2 divide 1125?
False
Is 39056 a multiple of 93?
False
Is 51 a multiple of 2?
False
Does 15 divide 2640?
True
Is 656 a multiple of 17?
False
Does 163 divide 14257?
False
Is 13 a factor of 3738?
False
Does 16 divide 121033?
False
Is 20823 a multiple of 101?
False
Does 18 divide 1013?
False
Does 10 divide 102960?
True
Is 35 a factor of 44241?
False
Is 34720 a multiple of 9?
False
Is 35609 a multiple of 38?
False
Does 18 divide 7114?
False
Is 32678 a multiple of 93?
False
Does 30 divide 1920?
True
Is 8 a factor of 7441?
False
Is 3 a factor of 3462?
True
Does 12 divide 3216?
True
Does 6 divide 487?
False
Does 13 divide 451?
False
Is 285 a factor of 64980?
True
Is 24 a factor of 5921?
False
Is 15 a factor of 1610?
False
Is 272 a factor of 43334?
False
Is 87 a factor of 11674?
False
Does 177 divide 30975?
True
Is 26 a factor of 653?
False
Is 125 a multiple of 4?
False
Does 7 divide 1811?
False
Is 53 a multiple of 3?
False
Is 144 a multiple of 12?
True
Does 11 divide 47199?
False
Is 100 a factor of 109255?
False
Is 1292 a multiple of 17?
True
Is 19 a factor of 4332?
True
Does 14 divide 9284?
False
Is 5075 a multiple of 5?
True
Does 4 divide 122?
False
Is 11 a factor of 847?
True
Does 8 divide 4204?
False
Does 4 divide 981?
False
Does 4 divide 472?
True
Does 4 divide 23020?
True
Does 60 divide 359?
False
Is 86 a factor of 91944?
False
Does 65 divide 17147?
False
Does 6 divide 1284?
True
Is 35 a factor of 8539?
False
Is 65 a factor of 192?
False
Is 28737 a multiple of 103?
True
Is 89 a factor of 1246?
True
Is 6379 a multiple of 9?
False
Does 12 divide 9179?
False
Is 6851 a multiple of 17?
True
Is 812 a multiple of 30?
False
Is 8775 a multiple of 44?
False
Does 31 divide 1651?
False
Is 1881 a multiple of 11?
True
Is 4450 a multiple of 31?
False
Is 3376 a multiple of 16?
True
Is 6 a factor of 18210?
True
Is 9880 a multiple of 17?
False
Is 350 a multiple of 9?
False
Does 22 divide 22063?
False
Is 5200 a multiple of 16?
True
Is 31 a factor of 713?
True
Does 67 divide 13601?
True
Does 22 divide 1005?
False
Does 101 divide 43504?
False
Does 152 divide 718?
False
Is 47 a factor of 47?
True
Does 19 divide 16655?
False
Does 68 divide 2355?
False
Is 168 a multiple of 14?
True
Is 97340 a multiple of 302?
False
Does 24 divide 120?
True
Is 36045 a multiple of 89?
True
Is 46650 a multiple of 311?
True
Does 110 divide 550?
True
Is 1236 a multiple of 94?
False
Does 30 divide 1710?
True
Is 2112 a multiple of 12?
True
Does 7 divide 357?
True
Is 999 a multiple of 27?
True
Is 5204 a multiple of 9?
False
Is 13 a factor of 172?
False
Is 594 a multiple of 5?
False
Is 2102 a multiple of 27?
False
Is 4725 a multiple of 52?
False
Does 107 divide 22496?
False
Is 1178 a multiple of 31?
True
Is 29 a factor of 16207?
False
Is 114660 a multiple of 35?
True
Is 8 a factor of 328?
True
Does 15 divide 90487?
False
Is 37 a factor of 24638?
False
Is 10 a factor of 7271?
False
Is 4323 a multiple of 15?
False
Is 6392 a multiple of 13?
False
Is 11642 a multiple of 204?
False
Is 93 a factor of 5301?
True
Is 22 a factor of 28023?
False
Is 21465 a multiple of 11?
False
Is 15218 a multiple of 14?
True
Does 30 divide 2300?
False
Does 3 divide 468?
True
Does 219 divide 21900?
True
Is 12160 a multiple of 80?
True
Is 46 a factor of 39238?
True
Is 8 a factor of 816?
True
Does 21 divide 74434?
False
Is 14718 a multiple of 42?
False
Does 2 divide 418?
True
Does 11 divide 1009?
False
Does 34 divide 136034?
True
Is 17 a factor of 53?
False
Is 4208 a multiple of 18?
False
Does 30 divide 65288?
False
Is 8 a factor of 9667?
False
Is 3744 a multiple of 111?
False
Does 44 divide 34276?
True
Is 210 a multiple of 106?
False
Is 9 a factor of 549?
True
Does 43 divide 37840?
True
Does 5 divide 530?
True
Is 372 a multiple of 73?
False
Is 11 a factor of 366?
False
Is 273 a factor of 5925?
False
Is 40 a factor of 17160?
True
Is 33 a factor of 3069?
True
Is 335 a multiple of 6?
False
Is 68 a factor of 448?
False
Is 10128 a multiple of 4?
True
Is 4675 a multiple of 11?
True
Does 18 divide 9635?
False
Does 24 divide 14304?
True
Is 3151 a multiple of 23?
True
Is 25 a factor of 50?
True
Is 5291 a multiple of 13?
True
Is 530 a multiple of 10?
True
Does 15 divide 3452?
False
Does 21 divide 6201?
False
Is 20 a factor of 5180?
True
Is 32 a factor of 5503?
False
Is 167097 a multiple of 384?
False
Is 10809 a multiple of 22?
False
Is 6 a factor of 18?
True
Is 6 a factor of 3058?
False
Is 2560 a multiple of 64?
True
Does 15 divide 1249?
False
Is 113 a multiple of 4?
False
Is 16 a factor o